vided by 57?
56
What is the remainder when 30762 is divided by 293?
290
Calculate the remainder when 176 is divided by 15.
11
Calculate the remainder when 9066 is divided by 4.
2
What is the remainder when 78 is divided by 29?
20
Calculate the remainder when 1006 is divided by 166.
10
What is the remainder when 5999 is divided by 17?
15
Calculate the remainder when 351 is divided by 333.
18
What is the remainder when 377 is divided by 5?
2
What is the remainder when 277 is divided by 8?
5
What is the remainder when 309 is divided by 45?
39
What is the remainder when 422 is divided by 43?
35
What is the remainder when 2102 is divided by 16?
6
Calculate the remainder when 2572 is divided by 855.
7
Calculate the remainder when 86 is divided by 20.
6
What is the remainder when 4054 is divided by 369?
364
Calculate the remainder when 241 is divided by 11.
10
What is the remainder when 9 is divided by 4?
1
What is the remainder when 999 is divided by 67?
61
Calculate the remainder when 1247 is divided by 153.
23
Calculate the remainder when 215 is divided by 9.
8
What is the remainder when 1296 is divided by 187?
174
What is the remainder when 1780 is divided by 54?
52
Calculate the remainder when 1299 is divided by 52.
51
What is the remainder when 892 is divided by 69?
64
Calculate the remainder when 591 is divided by 37.
36
What is the remainder when 125 is divided by 42?
41
What is the remainder when 104 is divided by 45?
14
What is the remainder when 6830 is divided by 207?
206
What is the remainder when 100 is divided by 34?
32
Calculate the remainder when 178 is divided by 15.
13
What is the remainder when 3130 is divided by 131?
117
Calculate the remainder when 678 is divided by 114.
108
Calculate the remainder when 72 is divided by 38.
34
Calculate the remainder when 307 is divided by 22.
21
Calculate the remainder when 759 is divided by 8.
7
What is the remainder when 1276 is divided by 364?
184
Calculate the remainder when 1519 is divided by 546.
427
What is the remainder when 67 is divided by 27?
13
What is the remainder when 197 is divided by 42?
29
Calculate the remainder when 931 is divided by 129.
28
Calculate the remainder when 1171 is divided by 14.
9
Calculate the remainder when 798 is divided by 50.
48
What is the remainder when 2729 is divided by 22?
1
Calculate the remainder when 127 is divided by 3.
1
Calculate the remainder when 68577 is divided by 90.
87
What is the remainder when 317 is divided by 200?
117
What is the remainder when 230 is divided by 183?
47
What is the remainder when 923 is divided by 450?
23
Calculate the remainder when 7860 is divided by 114.
108
Calculate the remainder when 167 is divided by 22.
13
What is the remainder when 40 is divided by 29?
11
What is the remainder when 671 is divided by 15?
11
Calculate the remainder when 445 is divided by 32.
29
What is the remainder when 259 is divided by 68?
55
What is the remainder when 81 is divided by 17?
13
Calculate the remainder when 61 is divided by 39.
22
Calculate the remainder when 23837 is divided by 27.
23
What is the remainder when 1618 is divided by 181?
170
Calculate the remainder when 112 is divided by 98.
14
Calculate the remainder when 2289 is divided by 208.
1
Calculate the remainder when 2882 is divided by 111.
107
What is the remainder when 610 is divided by 124?
114
Calculate the remainder when 274 is divided by 55.
54
What is the remainder when 190 is divided by 40?
30
Calculate the remainder when 1016 is divided by 252.
8
What is the remainder when 535 is divided by 99?
40
What is the remainder when 642 is divided by 16?
2
What is the remainder when 76 is divided by 66?
10
What is the remainder when 56 is divided by 50?
6
What is the remainder when 462 is divided by 230?
2
Calculate the remainder when 623 is divided by 12.
11
Calculate the remainder when 4617 is divided by 110.
107
What is the remainder when 438 is divided by 90?
78
What is the remainder when 92 is divided by 31?
30
What is the remainder when 1113 is divided by 140?
133
Calculate the remainder when 449 is divided by 90.
89
What is the remainder when 107 is divided by 37?
33
What is the remainder when 434 is divided by 11?
5
Calculate the remainder when 2374 is divided by 12.
10
Calculate the remainder when 55 is divided by 2.
1
Calculate the remainder when 959 is divided by 96.
95
What is the remainder when 109 is divided by 28?
25
What is the remainder when 392 is divided by 33?
29
Calculate the remainder when 81 is divided by 6.
3
Calculate the remainder when 541 is divided by 99.
46
Calculate the remainder when 318 is divided by 29.
28
Calculate the remainder when 412 is divided by 69.
67
What is the remainder when 374 is divided by 15?
14
What is the remainder when 169 is divided by 7?
1
What is the remainder when 1871 is divided by 312?
311
What is the remainder when 337 is divided by 110?
7
Calculate the remainder when 4255 is divided by 14.
13
What is the remainder when 1099 is divided by 101?
89
Calculate the remainder when 9 is divided by 6.
3
What is the remainder when 197 is divided by 70?
57
What is the remainder when 3098 is divided by 32?
26
What is the remainder when 578 is divided by 54?
38
What is the remainder when 41 is divided by 14?
13
Calculate the remainder when 172 is divided by 26.
16
What is the remainder when 12036 is divided by 86?
82
Calculate the remainder when 105 is divided by 13.
1
What is the remainder when 538 is divided by 36?
34
What is the remainder when 411 is divided by 9?
6
Calculate the remainder when 40 is divided by 7.
5
Calculate the remainder when 168 is divided by 46.
30
Calculate the remainder when 2895 is divided by 23.
20
Calculate the remainder when 952 is divided by 48.
40
What is the remainder when 73 is divided by 16?
9
Calculate the remainder when 2374 is divided by 132.
130
What is the remainder when 178 is divided by 20?
18
What is the remainder when 147 is divided by 25?
22
Calculate the remainder when 27 is divided by 16.
11
Calculate the remainder when 103 is divided by 26.
25
What is the remainder when 614 is divided by 38?
6
Calculate the remainder when 76 is divided by 39.
37
Calculate the remainder when 342 is divided by 43.
41
Calculate the remainder when 728 is divided by 713.
15
What is the remainder when 6011 is divided by 22?
5
What is the remainder when 28763 is divided by 188?
187
What is the remainder when 49 is divided by 19?
11
What is the remainder when 14545 is divided by 150?
145
What is the remainder when 700 is divided by 345?
10
What is the remainder when 268 is divided by 47?
33
Calculate the remainder when 451 is divided by 166.
119
Calculate the remainder when 446 is divided by 110.
6
Calculate the remainder when 53 is divided by 50.
3
What is the remainder when 817 is divided by 5?
2
Calculate the remainder when 172 is divided by 5.
2
Calculate the remainder when 170 is divided by 22.
16
Calculate the remainder when 1328 is divided by 23.
17
What is the remainder when 159 is divided by 45?
24
What is the remainder when 266 is divided by 82?
20
What is the remainder when 612 is divided by 211?
190
Calculate the remainder when 201 is divided by 201.
0
Calculate the remainder when 89 is divided by 15.
14
Calculate the remainder when 27 is divided by 14.
13
What is the remainder when 6664 is divided by 71?
61
What is the remainder when 129 is divided by 45?
39
Calculate the remainder when 397 is divided by 91.
33
What is the remainder when 1519 is divided by 20?
19
What is the remainder when 569 is divided by 53?
39
What is the remainder when 2456 is divided by 107?
102
What is the remainder when 149 is divided by 77?
72
Calculate the remainder when 641 is divided by 17.
12
Calculate the remainder when 442 is divided by 86.
12
What is the remainder when 28 is divided by 17?
11
What is the remainder when 145 is divided by 25?
20
What is the remainder when 367 is divided by 125?
117
Calculate the remainder when 26194 is divided by 177.
175
What is the remainder when 1132 is divided by 556?
20
Calculate the remainder when 257 is divided by 11.
4
Calculate the remainder when 132 is divided by 69.
63
What is the remainder when 138 is divided by 29?
22
Calculate the remainder when 911 is divid